me factors of b/8 + 2/8?
5
Let r = 5 - 7. Let q = 10 + r. What are the prime factors of q?
2
List the prime factors of (2/2)/(4/84).
3, 7
Suppose -2*j + 2*m + 10 = 0, 2*j - 3*m = -0 + 13. Suppose 3*x - j*f + f = 31, -4*f - 44 = -4*x. List the prime factors of x.
2, 5
Suppose -h - 5 = 0, -3*l + 5*h + 93 = -4. List the prime factors of l.
2, 3
Let m = 155 - 103. List the prime factors of m.
2, 13
Let r = 32 - 14. List the prime factors of r.
2, 3
Let n be (-16)/40 - 2/(-5). Let o(d) = -d + 42. List the prime factors of o(n).
2, 3, 7
Let v(b) = -3*b - 3. Let x = 8 + -10. Let k be v(x). Suppose 4*m + 23 = k*y - 24, -5*y - 2*m = -87. What are the prime factors of y?
17
Suppose 5*b + 0*b = 155. List the prime factors of b.
31
Let o(b) = b**3 + 2*b**2 - 2*b + 2. Let s be o(-3). Let j be (0 + s)/(1/(-5)). Let c = -1 + j. List the prime factors of c.
2
Let v(k) = -k - 12. Let j be v(-6). Let q(n) = -n**2 - 7*n + 8. List the prime factors of q(j).
2, 7
Let i(q) = q + 2. Let f = -8 - -15. List the prime factors of i(f).
3
Let h(c) = 13*c + 3. What are the prime factors of h(9)?
2, 3, 5
Let y(q) = -3 + 2*q + q**2 + 0*q - 11*q. What are the prime factors of y(12)?
3, 11
Suppose 2*f = 6*f - 492. Suppose -d = 5*k - 16, k + f = 4*d + 17. Let t = -16 + d. What are the prime factors of t?
2, 5
Let c(v) = v**3 + 3*v**2 - 2*v + 7. What are the prime factors of c(5)?
197
Let a = 36 + -17. What are the prime factors of a?
19
Let w(x) = 2*x - 5. Let p be w(8). Let y = 9 + p. List the prime factors of y.
2, 5
Let y(h) = 3*h**2 + 2*h - 1. Let a(t) = -4*t**2 - 2*t + 1. Let n(g) = 2*a(g) + 3*y(g). What are the prime factors of n(-5)?
2, 7
Let s(a) = -a**3 - 2*a**2 - a + 1. Let h be s(-2). Suppose -4*o - 3*q = -51, -6*q = -3*q - h. What are the prime factors of o?
2, 3
Let a(p) = -p**3 + 3*p**2 + 7*p - 5. Let g be a(4). Let l(b) = 3 - 2*b - 7*b**2 + g*b + b**3 + 2*b**2. What are the prime factors of l(4)?
7
Suppose 2*u - 53 = -3*g, -20 = -4*g + 5*u + 43. List the prime factors of g.
17
Let t be (-186)/5 - 3/(-15). Let q = 73 + t. What are the prime factors of q?
2, 3
Let x be (-2)/((-8)/6)*12. Suppose 0*v - v + x = 4*q, 5*v = 2*q + 2. List the prime factors of v.
2
Let k = -8 + 14. Suppose k*r - 64 = 2*r. List the prime factors of r.
2
Let f(w) = 2*w + 5. Let y = -8 - -3. Let z be f(y). Let s(d) = -d + 6. List the prime factors of s(z).
11
Let z = 8 + 7. Suppose -d + 3*d + 3*x = z, -2*d - 4*x = -12. What are the prime factors of d?
2, 3
Let l be (4 - 7) + 2/1. Let u be (8/(-2))/(2*l). List the prime factors of 2/1 + 0 + u.
2
Suppose -2*q - 5*c + 3 - 6 = 0, -5*q + 5*c = 25. Let j = -6 - -5. List the prime factors of j/q - 140/(-16).
3
Let y be (4/(-6))/(5/15). Let x be 1*(0 - y) - 2. Suppose -3 = -q - x*q. List the prime factors of q.
3
What are the prime factors of 58*-3*2/(-12)?
29
Let v = 6 - -60. List the prime factors of v.
2, 3, 11
Let y(w) = -13*w + 20. List the prime factors of y(-8).
2, 31
Suppose -4*n + 1144 = 168. List the prime factors of n.
2, 61
Let u be 2/(-5) - (-214)/10. Let c(q) = -q**2 - 12*q - 4. Let r be c(-11). Let d = u - r. List the prime factors of d.
2, 7
Let f be (-10)/15 + 29/3. Suppose l + 4*r = 39, f = 2*r - 1. What are the prime factors of l?
19
Let f = 2 - 6. Let x(b) = b**2 - 7*b - 1. Let n(s) = -s**2 + s. Let u(a) = 2*n(a) + x(a). What are the prime factors of u(f)?
3
Suppose -2*t - 2*w = -46, -4*t + 37 = 2*w - 45. Suppose 5*q = -t + 53. What are the prime factors of q?
7
Let z = 1 + -1. Let c = z + -2. Let j = 17 - c. What are the prime factors of j?
19
Let m = 218 + -147. What are the prime factors of m?
71
Suppose -3*u = v - 13, 3*v + u - 9 = -2*u. Let p(j) = -20*j - 4. Let g(s) = -10*s - 2. Let y(d) = 13*g(d) - 6*p(d). List the prime factors of y(v).
2, 3
Suppose -43 = -2*c + 145. List the prime factors of c.
2, 47
Let f = -5 - -10. Suppose -y - 40 = -f*y. List the prime factors of y.
2, 5
Let l = 4 + 11. Let b = 25 - l. List the prime factors of b.
2, 5
Let h = 32 + -21. What are the prime factors of h?
11
Suppose 8 + 2 = 5*m. Suppose -m*n + 96 = -0*n. Suppose -4*y - 3*b = -n, -3*y - b = -2*b - 36. What are the prime factors of y?
2, 3
What are the prime factors of -6*(-8)/12 + 28?
2
Suppose 2*t = -3*w - w + 258, -5*t - 5 = 0. List the prime factors of w.
5, 13
Let v be (-2)/1*3/2. Let n = 7 + -13. Let z = v - n. What are the prime factors of z?
3
Suppose -2*x + 5*a + 32 = 0, 2*a + 11 = 4*x - 69. What are the prime factors of 4 + -7 - (-1 - x)?
19
Let z(y) be the third derivative of y**6/60 - y**5/20 + y**4/24 + y**3/3 - y**2. List the prime factors of z(2).
2
Let o(x) = -8 - 3*x - 2 + x. Let g = 9 - 16. What are the prime factors of o(g)?
2
Let l be 6/27 + (-1803)/(-27). Let g = -38 + l. List the prime factors of g.
29
Let j = 33 + -14. List the prime factors of j.
19
Let p = 47 - 34. List the prime factors of p.
13
List the prime factors of 37 - (8 + -2)/2.
2, 17
Let k = -184 - -312. What are the prime factors of k?
2
List the prime factors of -2*(-2)/8*22.
11
Let o(r) = 2*r - 21. Let q be o(10). What are the prime factors of q*(0 - 4)*2?
2
Let i(c) = 5*c. Let w = 0 + 6. Let r be i(w). Let a = 43 - r. What are the prime factors of a?
13
Let n(y) = -y**2 + y + 3. Let g be n(7). Let a = g - -65. What are the prime factors of a?
2, 13
Let w(o) = -6*o - 10. Let z(t) = 2*t + 3. Let g(c) = 3*w(c) + 10*z(c). Let a(q) = -2*q + 1. Let f(r) = 2*a(r) + 3*g(r). List the prime factors of f(5).
2, 3
Let a = 54 + -37. What are the prime factors of a?
17
Suppose -29 - 28 = -2*u - m, -3*u + 81 = 3*m. List the prime factors of u.
2, 3, 5
Let h(g) = g + 1. Let a(r) = -3*r + 2. Let z(b) = a(b) + 4*h(b). Let n be z(0). Let k = n + -3. List the prime factors of k.
3
Let g(m) = m**3 - 13*m**2 + 10*m - 13. What are the prime factors of g(13)?
3, 13
Let h(w) = 6*w**2 + 6 - 5*w**2 - 1 - 3 - 5*w. List the prime factors of h(9).
2, 19
Suppose -3*m - 4 = 20. Let r(u) = -u. Let a be r(m). Suppose y - 2*d = -0*d + 2, -a = -2*d. List the prime factors of y.
2, 5
Let p(m) = -m**2 - 6*m + 10. Let z(o) = -o**2 - 7*o + 11. Suppose 2*f - 3 - 3 = 0. Let j(k) = f*z(k) - 4*p(k). List the prime factors of j(-5).
3
Suppose 6*n - o = 3*n + 2, -5*o + 9 = 4*n. Suppose 4*s + 14 = 5*y, 0 = -4*s - n - 3. What are the prime factors of y?
2
What are the prime factors of 3/2*44/6?
11
Suppose -4*b + 2*n = -202, -4*n + 0*n + 12 = 0. Suppose 5*r - 3*r = b. Suppose 2*k = -3*g + r, -4*k = -4*g + 11 - 3. List the prime factors of g.
2, 3
Let l(d) be the second derivative of -d**5/20 + d**4/2 + d. Let b be l(6). Suppose -2*p + 1 + 19 = b. What are the prime factors of p?
2, 5
Let d be ((-2)/(-6))/(1/12). Suppose -2*f = -0 - d. Suppose -3*a = -l + f*l - 17, 3*l + 27 = 4*a. List the prime factors of a.
2, 3
Let h = 9 - 6. Suppose -2*l = 4*r + 7 - 87, 4*r + h*l - 80 = 0. List the prime factors of r.
2, 5
Let x = 1 + 2. Let z be ((0 + 0)/x)/2. List the prime factors of (-1*7 + z)*-1.
7
Let o(k) = 4*k - 2. Let x be o(3). Let r = x + -6. What are the prime factors of r?
2
Suppose -5*p = -0*p + u - 3, -4*u + 12 = 0. Let n = -3 + p. What are the prime factors of 2/n*42/(-4)?
7
What are the prime factors of 37/((-3)/60*-4)*1?
5, 37
Let o(a) = 12*a - 9. List the prime factors of o(6).
3, 7
Let i = 56 + -21. What are the prime factors of i?
5, 7
Suppose -3*y + 2 = -2*y. Suppose -x + 0*x + 3*s = -23, 2*s = y*x - 62. List the prime factors of x.
5, 7
Let b(c) = c**3 - 3*c**2 - 3*c - 3. Let g be b(3). Let o be 1*g*(-2)/6. What are the prime factors of ((-1)/(-2))/(o/88)?
11
Let m(a) be the first derivative of -a**4/4 - 4*a**3/3 + 2*a**2 - a - 1. Let w be m(-5). List the prime factors of (24/(-30))/(w/(-10)).
2
List the prime factors of (-10)/3*6/(-5).
2
Let n = -4 - -11. Suppose 4*w + 2*y = 8, 3*w - 5*y + 9 = 2. What are the prime factors of n - (-1*2 + w)?
2
Let r(x) = -x**3 + 11*x**2 - 12*x + 4. What are the prime factors of r(9)?
2, 29
Let d = 32 + -18. Suppose w = -d + 39. List the prime factors of w.
5
Let k(c) = -9*c - 4. What are the prime factors of k(-9)?
7, 11
Let h = -142 + 247. List the prime factors of h.
3, 5, 7
Suppose 1 = -2*q + 5. Suppose -2*c + q + 16 = 0. List the prime factors of c.
3
Let t(m) = -m**3 + 3*m**2 + 3*m. Let g be t(3). Let i(y) = -y**2 + 10*y - 9. Let d be i(g). Su